er when 13523 is divided by 4507.
2
Calculate the remainder when 20049 is divided by 24.
9
What is the remainder when 92363 is divided by 102?
53
What is the remainder when 4058779 is divided by 20?
19
Calculate the remainder when 42430 is divided by 108.
94
Calculate the remainder when 781365 is divided by 32.
21
What is the remainder when 212159 is divided by 442?
441
Calculate the remainder when 6437 is divided by 37.
36
Calculate the remainder when 284571 is divided by 3.
0
What is the remainder when 6319 is divided by 58?
55
Calculate the remainder when 943299 is divided by 361.
6
Calculate the remainder when 6243 is divided by 49.
20
What is the remainder when 10682 is divided by 60?
2
Calculate the remainder when 3863 is divided by 757.
78
What is the remainder when 127686 is divided by 17?
16
Calculate the remainder when 17230 is divided by 345.
325
Calculate the remainder when 4059 is divided by 407.
396
Calculate the remainder when 11055561 is divided by 39.
36
Calculate the remainder when 16313 is divided by 9.
5
Calculate the remainder when 4984 is divided by 1823.
1338
What is the remainder when 267296 is divided by 30?
26
Calculate the remainder when 10203 is divided by 29.
24
Calculate the remainder when 16396 is divided by 88.
28
What is the remainder when 8279 is divided by 1376?
23
Calculate the remainder when 7070 is divided by 442.
440
Calculate the remainder when 746 is divided by 9.
8
What is the remainder when 45578 is divided by 22764?
50
Calculate the remainder when 164694 is divided by 59.
25
What is the remainder when 3016567 is divided by 431?
429
What is the remainder when 36761 is divided by 12?
5
Calculate the remainder when 372052 is divided by 36.
28
What is the remainder when 4413 is divided by 25?
13
What is the remainder when 2482498 is divided by 19?
15
Calculate the remainder when 2967 is divided by 940.
147
Calculate the remainder when 2529 is divided by 497.
44
What is the remainder when 41456 is divided by 12?
8
Calculate the remainder when 93598 is divided by 123.
118
What is the remainder when 1146 is divided by 939?
207
What is the remainder when 12025 is divided by 231?
13
What is the remainder when 12735 is divided by 299?
177
What is the remainder when 26855 is divided by 3?
2
Calculate the remainder when 18448 is divided by 4609.
12
What is the remainder when 6865 is divided by 2049?
718
Calculate the remainder when 305 is divided by 112.
81
Calculate the remainder when 1752 is divided by 200.
152
Calculate the remainder when 14445 is divided by 2807.
410
Calculate the remainder when 7313 is divided by 297.
185
Calculate the remainder when 31861 is divided by 449.
431
Calculate the remainder when 16522 is divided by 323.
49
Calculate the remainder when 515 is divided by 36.
11
Calculate the remainder when 2379 is divided by 15.
9
What is the remainder when 107570 is divided by 97?
94
Calculate the remainder when 382207 is divided by 74.
71
Calculate the remainder when 2371 is divided by 2371.
0
What is the remainder when 23501 is divided by 7826?
23
Calculate the remainder when 247 is divided by 16.
7
Calculate the remainder when 4218 is divided by 1382.
72
Calculate the remainder when 11629 is divided by 57.
1
Calculate the remainder when 30450 is divided by 421.
138
Calculate the remainder when 134998 is divided by 8.
6
What is the remainder when 297708 is divided by 56?
12
Calculate the remainder when 138888 is divided by 17.
15
What is the remainder when 5921 is divided by 23?
10
What is the remainder when 133021 is divided by 21?
7
Calculate the remainder when 214466 is divided by 14297.
11
Calculate the remainder when 365134 is divided by 196.
182
What is the remainder when 183024 is divided by 91383?
258
What is the remainder when 977 is divided by 82?
75
Calculate the remainder when 3204 is divided by 754.
188
What is the remainder when 239302 is divided by 229?
226
What is the remainder when 365786 is divided by 736?
730
What is the remainder when 23817 is divided by 441?
3
What is the remainder when 12861 is divided by 7?
2
Calculate the remainder when 33096 is divided by 315.
21
Calculate the remainder when 1879 is divided by 365.
54
What is the remainder when 1675 is divided by 97?
26
Calculate the remainder when 1587 is divided by 121.
14
What is the remainder when 1302 is divided by 694?
608
Calculate the remainder when 17485 is divided by 69.
28
Calculate the remainder when 1399 is divided by 690.
19
What is the remainder when 408949 is divided by 51112?
53
What is the remainder when 59191 is divided by 86?
23
Calculate the remainder when 3317 is divided by 19.
11
What is the remainder when 15898 is divided by 27?
22
What is the remainder when 201486 is divided by 11?
10
Calculate the remainder when 35529 is divided by 13.
0
Calculate the remainder when 9380 is divided by 63.
56
Calculate the remainder when 34002 is divided by 133.
87
What is the remainder when 2986 is divided by 993?
7
What is the remainder when 18911 is divided by 277?
75
Calculate the remainder when 102202 is divided by 117.
61
What is the remainder when 7458 is divided by 7433?
25
Calculate the remainder when 51036 is divided by 2685.
21
Calculate the remainder when 4514 is divided by 264.
26
What is the remainder when 8661 is divided by 4250?
161
What is the remainder when 415448 is divided by 70?
68
What is the remainder when 1473 is divided by 51?
45
What is the remainder when 48719 is divided by 48671?
48
Calculate the remainder when 20000 is divided by 184.
128
What is the remainder when 1787 is divided by 5?
2
Calculate the remainder when 4717 is divided by 57.
43
What is the remainder when 12982703 is divided by 355?
353
What is the remainder when 4147463 is divided by 472?
471
Calculate the remainder when 402 is divided by 296.
106
Calculate the remainder when 5549 is divided by 5094.
455
What is the remainder when 577 is divided by 2?
1
Calculate the remainder when 455 is divided by 183.
89
What is the remainder when 2237714 is divided by 13?
11
What is the remainder when 33055 is divided by 367?
25
What is the remainder when 71141 is divided by 155?
151
Calculate the remainder when 5125147 is divided by 96.
91
Calculate the remainder when 5929 is divided by 519.
220
What is the remainder when 239726 is divided by 79905?
11
What is the remainder when 11831 is divided by 3698?
737
Calculate the remainder when 3018 is divided by 392.
274
What is the remainder when 54942 is divided by 175?
167
Calculate the remainder when 13608 is divided by 136.
8
Calculate the remainder when 1506 is divided by 109.
89
What is the remainder when 16270 is divided by 50?
20
What is the remainder when 2161 is divided by 104?
81
What is the remainder when 403166 is divided by 428?
418
What is the remainder when 219560 is divided by 13722?
8
Calculate the remainder when 83667 is divided by 782.
775
Calculate the remainder when 396563 is divided by 12.
11
Calculate the remainder when 89827 is divided by 197.
192
Calculate the remainder when 92154 is divided by 92127.
27
What is the remainder when 10569 is divided by 294?
279
What is the remainder when 30897 is divided by 3433?
0
Calculate the remainder when 5624 is divided by 459.
116
What is the remainder when 2584 is divided by 87?
61
What is the remainder when 375456 is divided by 15018?
6
What is the remainder when 28261 is divided by 157?
1
What is the remainder when 15754 is divided by 404?
402
What is the remainder when 3741 is divided by 261?
87
What is the remainder when 200588 is divided by 25?
13
Calculate the remainder when 27891 is divided by 27773.
118
What is the remainder when 4792 is divided by 398?
16
Calculate the remainder when 320711 is divided by 7.
6
Calculate the remainder when 230125 is divided by 76671.
112
What is the remainder when 21371 is divided by 5338?
19
What is the remainder when 24571 is divided by 684?
631
What is the remainder when 16629 is divided by 8259?
111
What is the remainder when 241232 is divided by 60304?
16
What is the remainder when 35651 is divided by 268?
7
What is the remainder when 28689 is divided by 98?
73
What is the remainder when 3762 is divided by 130?
122
What is the remainder when 38564 is divided by 286?
240
C